4*b + 81. Determine g(-1).
-23
Let t(a) = -a**3 + 19*a**2 - 28*a - 37. Calculate t(18).
-217
Let u(l) = -l**3 - 64*l**2 + 41*l + 2556. What is u(-64)?
-68
Let a(m) = 2445*m + 90465. What is a(-37)?
0
Let b(v) = v**3 - 28*v**2 - 27*v + 32. Determine b(29).
90
Let k(i) = 128*i - 21386. Calculate k(167).
-10
Let h(w) = -w**3 + 19*w**2 - 100*w + 425. Give h(14).
5
Let w(v) = 2*v**2 + 17*v - 13901. Calculate w(-88).
91
Let w(r) = 161*r**3 + 10*r**2 - 11*r - 1. Give w(1).
159
Let y(f) = 53*f + 124. Calculate y(-20).
-936
Let h(z) = -35*z - 9. Calculate h(10).
-359
Let n(c) = 142*c - 11518. What is n(81)?
-16
Let f(l) = 726*l - 761. Determine f(1).
-35
Let x(r) = 10*r - 173. Calculate x(7).
-103
Let v(x) = x**3 + 2*x**2 + 29*x + 91. What is v(-4)?
-57
Let v(g) = -g**2 - 6*g - 118. Determine v(0).
-118
Let s(z) = 384*z + 38790. Calculate s(-101).
6
Let g(f) = -f**2 + 2704*f + 10833. Give g(-4).
1
Let f(p) = p**2 - 170*p - 2385. What is f(-13)?
-6
Let x(o) = -2*o**3 + 15*o**2 + 3*o + 31. Calculate x(7).
101
Let f(u) = -u**3 + 8*u**2 - 8. Calculate f(8).
-8
Let a(c) = -2*c**2 + 6*c - 23. What is a(0)?
-23
Let a(k) = -56*k + 1574. Determine a(29).
-50
Let a(x) = x**3 - 447*x**2 + x - 1. Determine a(0).
-1
Let z(h) = -2*h**2 + 2*h + 11. What is z(5)?
-29
Let l(k) = k**3 - 12*k**2 - 175*k - 14. Give l(-9).
-140
Let z(m) = -m**3 - 20*m**2 - 86*m + 34. Determine z(-13).
-31
Let f(w) = -6*w - 122. Determine f(14).
-206
Let w(o) = 58*o + 5916. Give w(-102).
0
Let a(p) = -675*p - 17567. Give a(-26).
-17
Let l(m) = m**2 - 48*m - 394. What is l(53)?
-129
Let a(l) = -257*l + 13885. Calculate a(54).
7
Let r(f) = f**2 + 47*f + 299. What is r(-6)?
53
Let o(u) = -u**3 - 23*u**2 + 19*u - 140. Calculate o(-24).
-20
Let l(c) = c**3 - 10*c**2 - 14*c + 30. Give l(11).
-3
Let y(v) = 2*v**3 - 35*v**2 + 52*v - 1258. Give y(18).
2
Let z(w) = 2*w**3 + 8*w**2 + 160*w - 161. Determine z(1).
9
Let q(d) = -140*d - 19. Calculate q(0).
-19
Let p(v) = -v**2 - 9*v + 77. Calculate p(-20).
-143
Let d(y) = -2291*y - 183287. Give d(-80).
-7
Let b(m) = 35*m - 1697. Calculate b(43).
-192
Let x(c) = 26*c + 216. Calculate x(-9).
-18
Let j(t) = -t**2 + 24*t + 96. Calculate j(23).
119
Let m(u) = -u**3 - 10*u**2 - 20*u - 13. Determine m(-9).
86
Let z(u) = 13*u - 39. Give z(7).
52
Let i(b) = -b**3 + 6*b**2 - 102*b + 452. What is i(5)?
-33
Let w(h) = -2*h**2 + 173*h - 1663. What is w(11)?
-2
Let y(x) = -3*x**3 - 381*x**2 - 760*x - 1256. Give y(-125).
-6
Let u(y) = y**2 - 20*y + 48. Calculate u(3).
-3
Let o(j) = -1491*j - 55. Determine o(0).
-55
Let p(q) = -31*q + 25. What is p(6)?
-161
Let s(g) = 9*g**2 - 200*g + 66. Give s(22).
22
Let m(q) = -16*q**2 - 234*q + 357. Determine m(-16).
5
Let d(v) = 24*v**3 - 234*v**2 - 55*v - 14. Give d(10).
36
Let b(s) = -s**3 - 51*s**2 - 223*s + 185. Give b(-46).
-137
Let j(h) = -98*h + 389. Calculate j(10).
-591
Let y(z) = 2699*z - 16199. Give y(6).
-5
Let c(g) = -242*g - 10905. What is c(-45)?
-15
Let j(y) = -26*y**2 + 11*y + 4. What is j(3)?
-197
Let d(u) = -2005*u - 82. Give d(0).
-82
Let j(v) = -v**2 + 48*v - 93. Calculate j(54).
-417
Let x(h) = -1455*h + 52377. What is x(36)?
-3
Let a(p) = p**3 - 10*p**2 - 872*p - 64. What is a(35)?
41
Let i(q) = q**3 + 45*q**2 - 146*q - 143. Give i(-48).
-47
Let r(p) = -p**3 - 5*p**2 + 6*p + 46. Determine r(-6).
46
Let y(b) = b**3 + 14*b**2 + 17*b - 93. Calculate y(-7).
131
Let s(c) = -43*c - 3883. What is s(-90)?
-13
Let l(u) = -u**3 - 7*u**2 + 20*u - 30. What is l(-10)?
70
Let g(z) = -z**2 - z + 59. What is g(-8)?
3
Let v(r) = -5*r**3 + 5*r**2 - 7*r - 2. Give v(3).
-113
Let b(i) = i**3 + 6*i**2 - 16*i - 17. Give b(-8).
-17
Let d(z) = 11*z**2 - 110*z + 464. Determine d(4).
200
Let j(u) = 4*u**2 + 90*u + 403. What is j(-20)?
203
Let k(i) = 147*i - 17480. Give k(119).
13
Let r(k) = -23*k**2 - 13*k - 23. Determine r(-2).
-89
Let j(n) = n**3 + 58*n**2 - 188. What is j(-58)?
-188
Let o(j) = -j**2 - 14*j + 181. Determine o(10).
-59
Let u(a) = -a**2 - 37*a + 561. Determine u(-45).
201
Let c(u) = u**3 - 11*u**2 - 206*u - 19. Calculate c(-10).
-59
Let p(b) = b**3 - 30*b**2 + 6*b - 327. What is p(30)?
-147
Let a(j) = -297*j + 112262. Determine a(378).
-4
Let i(s) = -s**2 + 27*s + 705. Give i(42).
75
Let m(d) = 12*d**2 - 57*d - 113. Determine m(-2).
49
Let u(n) = -2*n**3 - 175*n**2 - 87*n - 1. Calculate u(-87).
-1
Let n(q) = -q**3 + 33*q**2 + 66*q + 183. Calculate n(35).
43
Let f(q) = 16*q**2 - 44*q + 3. Give f(0).
3
Let b(k) = -k**3 + 66*k**2 - 358*k - 119. Calculate b(60).
1
Let p(x) = 13*x + 401. Calculate p(-36).
-67
Let b(s) = 39555*s + 237352. What is b(-6)?
22
Let b(g) = 960*g - 10599. Give b(11).
-39
Let m(v) = v**2 + 64*v - 734. Calculate m(10).
6
Let w(l) = l**2 - 316*l + 3058. Give w(10).
-2
Let j(b) = b**3 - 10*b**2 - 24*b + 317. Determine j(7).
2
Let v(q) = 3*q**3 - 2*q**2 - q - 16. Determine v(0).
-16
Let b(a) = 397*a - 2771. What is b(7)?
8
Let u(c) = 160*c + 2035. Give u(-13).
-45
Let x(w) = 27*w**3 - 3*w**2 - w - 1. What is x(-1)?
-30
Let d(q) = q**2 - 223*q - 7031. What is d(-28)?
-3
Let w(u) = 9*u**3 + 2*u**2 + 10*u - 5. What is w(-3)?
-260
Let l(t) = 7*t**3 - 7*t**2 + t - 12. What is l(-5)?
-1067
Let y(j) = -58*j - 394. Give y(-7).
12
Let o(v) = v**2 + 8*v + 42. Calculate o(-5).
27
Let z(u) = -11*u - 63. Give z(-8).
25
Let v(u) = -u**3 - 25*u**2 + 29*u - 101. What is v(-26)?
-179
Let a(h) = -2522*h + 52956. Calculate a(21).
-6
Let z(s) = 3*s**3 - 2*s - 63. Give z(0).
-63
Let l(u) = -16*u - 282. Calculate l(-25).
118
Let f(s) = 2*s**3 - 206*s**2 - 2*s + 203. Give f(103).
-3
Let j(z) = z**3 - 16*z**2 - 37*z + 22. Calculate j(18).
4
Let z(c) = -c**3 - 7*c**2 - 3*c + 2. Calculate z(-5).
-33
Let o(r) = r**3 + 5*r**2 + 7737*r + 23189. Calculate o(-3).
-4
Let j(r) = -853*r + 146714. Determine j(172).
-2
Let f(m) = 17*m**3 - 81*m**2 - 16*m - 25. Calculate f(5).
-5
Let r(d) = -381*d - 2315. Give r(-6).
-29
Let o(t) = -12*t - 47. Give o(-21).
205
Let u(n) = n**3 - 2*n**2 - 105*n + 379. Calculate u(4).
-9
Let p(b) = b**3 + 5*b**2 + 8*b - 214. Calculate p(0).
-214
Let l(m) = m**3 - 10*m**2 + 12*m - 20. Determine l(9).
7
Let o(r) = 2*r**2 + 57*r - 72. Calculate o(-29).
-43
Let w(p) = 14*p - 75. Give w(4).
-19
Let v(i) = 4*i**3 + i**2 - 10*i + 14. What is v(2)?
30
Let n(o) = 9*o + 27. Determine n(-4).
-9
Let y(q) = 2*q**3 + 54*q**2 - 122*q - 183. What is y(-29)?
-9
Let v(c) = -26*c**2 + 216*c + 8. What is v(9)?
-154
Let u(c) = 880*c + 7917. Give u(-9).
-3
Let n(g) = 2*g**2 + 130*g - 303. Calculate n(-67).
-35
Let w(t) = 751*t - 43557. Determine w(58).
1
Let v(y) = -y**3 - 67*y**2 + 281*y - 210. Give v(-71).
3
Let s(o) = -4*o**2 - 32*o - 70. Calculate s(-6).
-22
Let a(u) = -u**2 - 115*u + 449. Calculate a(4).
-27
Let y(l) = 4*l**3 - 9*l**2 - 146*l - 137. What is y(-1)?
-4
Let y(n) = -n**3 + 19*n**2 - 60*n + 5. Determine y(4).
5
Let s(g) = 25*g - 217. Give s(25).
408
Let q(o) = 4*o - 62. Determine q(16).
2
Let n(a) = -a**3 + 30*a**2 - 7*a + 162. What is n(30)?
-48
Let t(j) = -2*j**2 - 23*j + 759. Give t(-26).
5
Let w(n) = -2*n**2 + 55*n - 293. Determine w(16).
75
Let p(t) = 10*t - 23. Give p(-4).
-63
Let i(n) = -52*n + 1742. Determine i(36).
-130
Let i(v) = -v**3 + 56*v**2 + 2463*v + 176. Calculate i(85).
6
Let i(p) = p**3 - 29*p**2 - 1425*p - 279. Give i(55).
-4
Let y(d) = -d**3 - 3*d**2 + 2*d + 9. Calculate y(-5).
49
Let s(a) = 3*a**2 - 43*a - 116. Determine s(17).
20
Let i(x) = -82*x + 3999. Give i(47).
145
Let k(x) = 44*x + 67. Give k(-8).
-285
Let l(q) = -q**3 - 17*q**2 + 285*q - 658. Give l(-28).
-14
Let h(g) = 6*g**2 + 12*g + 22. Give h(-2).
22
Let b(o) = 140*o + 9105. Determine b(-65).
5
Let r(g) = 7*g**3 + 4*g**2 - 11*g + 6. What is r(1)?
6
Let y(d) = 397*d - 799. What is y(2)?
-5
Let m(p) = 9603*p - 67224. Determine m(7).
-3
Let r(c) = -18*c**3 - 42*c**2 - 37*c + 5. Give r(-1).
18
Let j(m) = 3*m**3 - m**2 - 2*m + 11. What is j(0)?
11
Let l(y) = -y**3 + 14*y**2 + 15*y - 504. Calculate l(11).
24
Let t(g) = 10*g**2 - 34*g + 26. Give t(3).
14
Let r(s) = s**3 - 3*s**2 + 203*s - 599. Calculate r(3).
10
Let w(z) = 260*z - 853. What is w(4)?
187
Let x(o) = -o**3 + 7*o**2 + 6*o + 14. Calculate x(8).
-2
Let i(k) = 14*k**2 - 173*k - 96. Determine i(13).
21
Let q(h) = 848*h + 5059. Give q(-6).
-29
Let l(j) = -2*j**2 + 44*j - 20